) - c(j). What is k(-11)?
-7
Let q(j) = -j**2 + 13*j - 19. Suppose 19*a = a - 162. Let s be (a + 7/1)*(-11)/2. Determine q(s).
3
Let l(n) = n**2 + 18*n + 46. Suppose 180 = -71*r + 49 - 1005. What is l(r)?
14
Let u(l) = -2*l - 28. Let q(r) = 3*r + 17. Let y(v) = -6*q(v) - 5*u(v). What is y(6)?
-10
Let y(j) = -16*j**2 - 216*j + 135. Let f(b) = -3*b**2 - 38*b + 27. Let t(n) = 11*f(n) - 2*y(n). Determine t(13).
40
Let m(r) = r**3 - 21*r**2 - 24*r - 11. Let v be m(22). Let x = v - -45. Let d(s) = -s - 20. Give d(x).
-10
Let j(g) = g**3 + 10*g**2 + 9*g + 12. Let q(b) = b**2 + 6*b. Let c be q(6). Let i = 69 - c. Let h be (-12)/(-24)*i*6. Determine j(h).
12
Let f(s) = -12*s**2 + 114*s + 274. Let t(d) = -2*d**2 + 19*d + 45. Let m(g) = 2*f(g) - 13*t(g). Give m(11).
-4
Let l(c) = -45*c - 3. Let j(m) = -15*m - 1. Let w(i) = -11*j(i) + 4*l(i). Suppose -7 = -3*b + 2*s, -5*b + 2*s + 3*s + 20 = 0. Give w(b).
14
Suppose -y - 60 = 184. Let u = y + 245. Let k(b) = 11*b**3 - b. What is k(u)?
10
Let a(k) = -4*k - 1. Suppose c = -n + 3*c, -3*n + 45 = 3*c. Let t = n + -2. Suppose -17 = -t*b - 9. Determine a(b).
-5
Suppose 3*c + 1 - 16 = 0. Suppose 14 = -3*n + c. Let f(s) = 3 - 3 + 3 - 143*s**2 + 3*s + 144*s**2. Give f(n).
3
Suppose 0 = 2*b - 2*t + 4, 5*b - 17 = -t - 39. Let a(w) = -w + 12. Let c(p) = -p + 11. Let z(l) = b*a(l) + 5*c(l). Give z(-10).
17
Let i be (2/2)/((-12)/1584). Let r = -129 - i. Let v(f) = -9 - r*f + 18 - 2*f + 7*f. Give v(-7).
-5
Let b(y) = -y - 2. Let j(m) = -m**3 - 2*m**2 - 2*m - 15. Let f be j(-3). Suppose t - 2*t = f. Give b(t).
-2
Let q(h) = -12*h - 1. Let g be (-846)/(-66) - (-8)/44. Let c(i) = -g + 0 - 18 + 5*i - 2*i. Let p be c(10). What is q(p)?
11
Suppose -10 - 14 = -8*a. Let l = a - -4. Let k(w) = -w**2 - 5 - 5 + 17*w - 9*w. Determine k(l).
-3
Let b(d) = 210*d + 124. Let v(s) = 76*s + 41. Let h(o) = -5*b(o) + 14*v(o). Calculate h(5).
24
Let m(n) = n**3 - 8*n**2 + 5*n + 9. Suppose -a - 4*a + 5 = 0, 0 = 3*v + 4*a + 452. Let o = v - -159. Give m(o).
-5
Let f(m) be the third derivative of m**5/60 + m**4/6 - m**3 + 4120*m**2. Give f(6).
54
Let y(k) be the second derivative of -k**4/12 - 5*k**3/3 + 2*k**2 + k. Let f be (-6518)/4 + 33/22. Let q be f/165 - 2/15. Determine y(q).
4
Let i be ((-2)/(-7))/(5/(-69 + 34)). Suppose -4*u = -10*r + 5*r + 8, -4 = 4*u - 4*r. Let o(j) = j + 1 - 2*j**2 - j - j**u. What is o(i)?
1
Let j(s) = 91 - 166 + 88 - 12 - 15*s. What is j(-4)?
61
Let i = 20 + -14. Let w(n) = 2*n + 79*n**2 + 4 + 83*n**2 + 84*n**2 + 2 - 247*n**2. Determine w(i).
-18
Suppose 0 = 72*r + 253 + 178 + 73. Let d(m) = 16*m + 102. Determine d(r).
-10
Let z(i) = 8*i**2 - 29*i - 6. Let u(v) = -6*v**2 + 34*v + 6. Let c(y) = -3*u(y) - 2*z(y). Give c(22).
-6
Let a(k) = 4*k + 15. Let o(u) = -u - 5. Let r(m) = -2*a(m) - 7*o(m). Suppose -4*x = -x + x. Suppose -g - 4*g + 20 = x. Calculate r(g).
1
Let g(i) = -3*i**2 + 7*i + 8. Let t be g(-1). Let u(j) = -3*j**2 + 19. Let w(z) = 16*z**2 - z - 97. Let d(b) = t*w(b) - 11*u(b). Calculate d(-5).
0
Let c(u) = -u + 8. Suppose -812*w + 391*w - 112 = -407*w. Give c(w).
16
Let p be 28*(-10 - 1596/(-147)). Let u(x) = x**3 - 23*x**2 - 25*x + 5. Give u(p).
-19
Let a(z) be the third derivative of -z**6/120 + 2*z**5/15 + z**4/12 - 2*z**2 - 59*z - 3. Calculate a(5).
85
Let r be ((-548)/32)/((-4)/32). Suppose -r*g = -123*g + 14. Let h(v) = -v + 3. Give h(g).
4
Suppose 5*s - 180 + 135 = 5*c, -4*s - 3*c = -15. Let q(n) = n**3 - 10*n**2 + 24*n - 12. Calculate q(s).
-12
Let d = -4084 - -4086. Let p(c) = 12*c**2 - 2*c. Determine p(d).
44
Let j(m) = -4*m**2 + 2*m. Let c be 334/6 + (-1)/(-3) + 0. Suppose 72*v = c + 88. What is j(v)?
-12
Suppose -15 = 5*j + 10. Let i(f) = f - 23505 + 3*f**2 - 6*f + 23512 + f**3. Give i(j).
-18
Let b(a) = a**2 + 23*a + 52. Let o(n) = -n**2 - 54*n - 698. Let g be o(-34). What is b(g)?
-38
Let u(x) = 3*x + 3. Suppose -7*k = -17 - 39. Let s be -7 - 2*(-20)/k. Give u(s).
-3
Let f be (-60)/24*(-24)/20. Let x(z) = -42 + 82 + z**3 - 46 - 9*z - 2*z**f + 10*z**2. Determine x(9).
-6
Let c(i) be the third derivative of i**6/120 + i**5/60 - 29*i**4/24 + 4*i**3/3 - 114*i**2 - 12*i. Give c(-6).
2
Let i(j) = 4*j + 2*j + 4 + 91*j**2 - 90*j**2 - 2*j - 5. Calculate i(-7).
20
Let l(p) = 66*p + 589. Let a(t) = -77*t + 3533. Let f be a(46). Give l(f).
-5
Let g be -2 - 1 - (-6)/3. Let x(j) be the first derivative of -j - 3/2*j**2 - 10. Determine x(g).
2
Let t(o) = 26*o - 23. Let a(j) = 8*j - 7. Let y(d) = -7*a(d) + 2*t(d). Calculate y(-4).
19
Let c(z) = z**3 - 20*z**2 + 38*z - 17. Let d be c(18). Let o be -1 + -1 - (d + -30). Let k(h) = -7*h**2 - h**3 - 4 + 7*h + o*h**2 - h + 2*h**2. Calculate k(4).
20
Let z be 19/(-2) + 24*9/432. Let i(s) = s**3 + 11*s**2 + 20*s + 11. What is i(z)?
-7
Suppose -5*o = -3*t + 69, 2*t + 0*o + 5*o = -4. Let a(b) = 2*b**2 - 26*b - 7. Give a(t).
-7
Let a be 1 + (3 - (18 + 0)). Let o be 78/14 - 6/a. Suppose 4*s + 5 = -5*d, o*s - 25 = s. Let j(f) = f + 7. Give j(d).
2
Let j(f) = f**2 + 9*f + 14. Let t(p) = -4*p**2 - 35*p - 56. Suppose 4*i = 2*v + 8, -v + i + 2*i = 7. Let o(c) = v*t(c) + 9*j(c). Determine o(-10).
4
Let y(h) = -6*h + 3. Let g be (0 + 28 - 17) + -3. Calculate y(g).
-45
Let q(t) = -13*t + 18. Let m = 49 - 40. Let p be q(m). Let a be (-1)/2 + p/(-22). Let k(n) = -n + 6. Calculate k(a).
2
Suppose 6*n + 7 = -17. Let c(l) = -2*l**2 + 2*l - 7. Let s(w) = -7*w**2 + 6*w - 25. Let x(t) = -3*c(t) + s(t). Give x(n).
-20
Suppose -4*j + 24 = -4*p, p + 8 = 2*j - 0*p. Let s(b) = -3*b**2 + b**3 + b - 4*b + 4*b**2 + j - 2*b**2. Let y(v) = 2*v**2 - v + 1. Let z be y(1). What is s(z)?
0
Let k(f) = -f**3 + 7*f**2 + 10*f - 8. Suppose -6*l + 21 = -27. Calculate k(l).
8
Let h = 8203 - 8213. Let q(m) = -m**2 - 16*m - 24. Determine q(h).
36
Let u be ((-1008)/108)/((-4)/(-18)). Let y = -36 - u. Let s(i) = i**2 - 5*i - 12. What is s(y)?
-6
Let p(f) = 15*f**2 + 1. Suppose 0 = n + n + 72. Suppose -16*l - 964 = -404. Let a = n - l. Calculate p(a).
16
Let t be ((-3 + 77/28)*0)/(-2). Let r(x) = 16*x - 23. Calculate r(t).
-23
Let p(o) be the first derivative of -o**2/2 + 117*o - 8175. What is p(0)?
117
Let x = 65 - 73. Let u(a) be the first derivative of a**4/4 + 8*a**3/3 - a**2/2 - 6*a - 170. Determine u(x).
2
Let h(v) be the first derivative of -1/2*v**2 + 4*v - 1/3*v**3 - 1. Suppose 8*i = 13*i. Determine h(i).
4
Let f(m) = -6*m**2 - m**3 + 0 + 0 - m + 1. Suppose -185*q = -195*q + 20. Suppose -6*w + w - 7 = -3*a, a + q*w + 16 = 0. Calculate f(a).
7
Let a be 10/(-95) + 4 + (-291)/(-57). Suppose 0 = -j - c + 4, 0 = 4*j - 5*c - 25 + a. Let g(h) = -4*h + 6. What is g(j)?
-10
Suppose 3*o + 447 = 2*f, -2*o + 685 = 3*f + 34. Let q = f + -222. Let j(t) = -t**3 - t**2 + 3*t - 1. What is j(q)?
8
Let g(x) be the third derivative of x**6/120 + x**5/5 - 2*x**4/3 - 41*x**3/6 + x**2 + 3412. What is g(-13)?
-2
Let v(p) = p + 4. Let y be 7/(-5)*25/(-15)*6. Determine v(y).
18
Let g(a) = -a - 17. Suppose 4*p + 4*c - 792 = 1136, p - 3*c - 470 = 0. Let i = p - 487. Determine g(i).
-9
Let o(z) = 0 + 6*z**3 + 1 - z**2 + 114*z - 113*z + 0*z**2. Suppose 0 = 2*d + 2*v, 0*d - 4*d + 4 = 3*v. Let c = d - 5. What is o(c)?
-7
Let f(b) = b + 48. Let u(i) = -19*i - 195. Let r be u(-11). What is f(r)?
62
Suppose -3*h - 2*v - 36 = 0, -33*v + 60 = -5*h - 37*v. Let d(x) = -x**2 - 11*x + 17. Give d(h).
5
Let s(i) = -23*i + 12. Let o(n) = -21*n + 15. Let t(b) = -9*o(b) + 8*s(b). Determine t(10).
11
Let q(s) = -3*s**2 - 8*s + 10. Let y(g) = -g**2 + g - 1. Let r(l) = -q(l) + 4*y(l). Let z = -67 - -17. Let u = -40 - z. Determine r(u).
6
Let p(j) = -2*j + 10. Suppose -45 = 6*f - 15*f. Suppose -f*c = -2*s + 4, s - 2 = -2*c + c. Suppose -5*u = s*v - 1, -v + 4*u + 4 = -16. Give p(v).
-6
Let u be 2*-1 - (0 - -7). Let l(j) = -2*j**2 - 17 + 38 + 36*j + 2 + 24 + 5. Let t(k) = -k**2 + 16*k + 25. Let s(o) = -6*l(o) + 13*t(o). Give s(u).
4
Let q(p) = p. Let f = -136 - -161. Let k be (-114)/15 - (40/f)/4. Give q(k).
-8
Let g(n) = -n - 2. Let o = 601 - 613. Let l(m) = 2*m + 33. Let i be l(o). Determine g(i).
-11
Let b(u) = -u**2 + 9*u - 7. Let c(k) = k**3 + k**2 - 35*k - 38. Let t be c(6). Give b(t).
13
Suppose -2*u - x + 10733 = 0, 3*u = 4*u - 2*x - 5359. Let p(q) = u - 5365 + 11*q**3. Suppose -1 = -g - 0*g. Determine p(g).
11
Suppose 339 = -57*k + 27 - 30.